l**2 + 22*l + 13. What is x(0)?
13
Let p(h) = -19*h + 28. Determine p(-8).
180
Let b(j) = -514*j**2 + 35*j + 3. What is b(-1)?
-546
Let t(n) = 15*n - 1243. Give t(72).
-163
Let q(o) = 96*o**2 - 16*o + 8. What is q(-3)?
920
Let n(w) = -3*w**2 + 2*w + 4. Give n(3).
-17
Let o(v) = -3*v**2 - 9*v - 136. What is o(0)?
-136
Let f(m) = 20*m**3 + 12*m**2 - 40*m + 7. Give f(3).
535
Let f(z) = -2*z**3 + 6*z**2 + 15*z - 27. Calculate f(2).
11
Let s(a) = 5163*a + 31. Determine s(0).
31
Let b(l) = -l**3 - 13*l**2 + 55*l + 386. Determine b(-15).
11
Let g(y) = 4*y**2 + 165*y + 9. What is g(-40)?
-191
Let o(f) = f**3 + 42*f**2 - 4*f - 56. Calculate o(-42).
112
Let o(i) = -44*i + 245. Determine o(11).
-239
Let u(b) = -56*b + 3984. Determine u(70).
64
Let h(g) = g**3 - 25*g**2 + 75*g + 17. Calculate h(22).
215
Let j(q) = -q + 10. Give j(-35).
45
Let k(d) = -3*d - 1. Determine k(-8).
23
Let i(x) = -58*x + 413. What is i(7)?
7
Let o(m) = 203*m + 1016. Determine o(-5).
1
Let g(s) = s**2 - 131*s - 986. Determine g(-7).
-20
Let c(z) = -z**2 + 4*z + 34. Give c(8).
2
Let z(d) = -14*d - 606. Give z(-44).
10
Let u(p) = p**2 - 33*p + 109. What is u(30)?
19
Let v(t) = -51*t - 969. Calculate v(-20).
51
Let q(o) = 2*o**2 + 388*o - 11933. Calculate q(27).
1
Let c(w) = 2*w**2 - 107*w + 660. What is c(7)?
9
Let l(t) = 2*t**3 - 43*t**2 + 19*t + 42. What is l(21)?
0
Let t(v) = 5*v**2 + 33*v - 66. Give t(-8).
-10
Let f(n) = n**2 - 110*n + 1294. What is f(95)?
-131
Let v(s) = 2*s**2 - 17*s - 315. Give v(18).
27
Let z(l) = -6*l**2 + 136*l + 50. Determine z(29).
-1052
Let a(i) = -2*i**2 + 32*i - 91. What is a(6)?
29
Let f(k) = -2*k**2 + 29*k + 157. Determine f(21).
-116
Let u(x) = x**3 - 17*x**2 + 9*x + 70. Determine u(17).
223
Let d(y) = y**2 + 79*y + 583. Determine d(-9).
-47
Let b(g) = -g**3 + 38*g**2 + 31*g + 91. What is b(39)?
-221
Let t(g) = -2*g**2 + 102*g + 8. What is t(51)?
8
Let j(f) = 1504*f + 15079. Calculate j(-10).
39
Let n(s) = 4*s**2 - 102*s + 102. Give n(24).
-42
Let f(t) = -t**2 - 17*t - 46. Determine f(-16).
-30
Let c(i) = 36*i + 146. What is c(-4)?
2
Let p(n) = 21*n**2 + 5*n - 47. Give p(4).
309
Let h(u) = u**3 + 7*u**2 - 4*u - 43. Calculate h(-3).
5
Let b(k) = -2*k**3 + 20*k**2 - 11. Determine b(10).
-11
Let v(k) = 7*k**3 - 4*k**2 - 13*k - 2. Give v(-2).
-48
Let x(q) = -q**2 - 59*q - 658. What is x(-15)?
2
Let f(n) = -292*n + 72. Determine f(-1).
364
Let o(k) = 6739*k + 53900. Determine o(-8).
-12
Let o(b) = 2*b**2 + 178*b - 935. Calculate o(-94).
5
Let p(x) = 50*x + 1061. What is p(-20)?
61
Let w(n) = -3896*n - 214276. Give w(-55).
4
Let a(z) = 88*z - 439. Give a(11).
529
Let h(u) = -7*u - 10. Calculate h(4).
-38
Let c(f) = -f**3 - 29*f**2 + 27*f - 61. Calculate c(-30).
29
Let w(l) = l**3 + 35*l**2 + 1673*l + 53032. What is w(-33)?
1
Let c(k) = -317*k - 2872. Give c(-9).
-19
Let n(b) = -693*b - 18014. What is n(-26)?
4
Let r(a) = -333*a + 10984. Give r(33).
-5
Let h(c) = 16*c**2 + 324*c + 83. What is h(-20)?
3
Let i(k) = k**2 + 1032*k - 7293. What is i(7)?
-20
Let i(x) = -x**3 + 19*x**2 + x - 603. What is i(-5)?
-8
Let a(m) = -140*m**2 - 863*m - 1. Give a(-6).
137
Let g(l) = -l - 28. What is g(9)?
-37
Let w(m) = 164*m - 3274. What is w(20)?
6
Let q(x) = 469*x + 1094. Calculate q(-4).
-782
Let a(x) = -6*x**2 - 21*x + 91. Calculate a(3).
-26
Let r(d) = 19*d**2 - 54*d + 12. Calculate r(-5).
757
Let q(w) = -17*w**2 + 12*w - 1. What is q(1)?
-6
Let n(g) = g**3 + 26*g**2 + 159*g - 24. Give n(-12).
84
Let q(y) = 125*y + 3403. What is q(-27)?
28
Let a(l) = -8*l**2 - 48*l + 327. Determine a(4).
7
Let n(d) = 12*d**2 + 2. What is n(-1)?
14
Let u(b) = b**2 + 33*b + 235. Give u(-24).
19
Let s(h) = -742*h - 6642. Give s(-9).
36
Let k(x) = -8*x**2 - 526*x + 131. Calculate k(-66).
-1
Let x(g) = 40*g**2 + 523*g + 68. What is x(-13)?
29
Let i(v) = -13*v - 135. Determine i(-5).
-70
Let f(g) = -3*g**2 - 31*g - 83. Give f(-4).
-7
Let c(h) = h**2 + h - 45. What is c(15)?
195
Let h(y) = 3*y**2 - 35*y - 282. What is h(-9)?
276
Let q(z) = 2*z**2 - 153*z + 1488. Calculate q(64).
-112
Let k(i) = -4*i**3 - 78*i**2 - 145*i + 6. What is k(-2)?
16
Let i(l) = -1335*l - 10669. Calculate i(-8).
11
Let l(v) = -v**3 - 5*v**2 - 16*v - 20. Calculate l(-8).
300
Let t(a) = a**3 - 2*a**2 - 3*a + 29. Determine t(6).
155
Let j(i) = 297*i**3 - 5*i**2 + 24*i - 23. Give j(1).
293
Let x(l) = 254*l**3 - 17*l**2 + 17*l. What is x(1)?
254
Let t(b) = -16*b - 28. Determine t(-1).
-12
Let x(d) = -d**2 + 128*d + 7647. Determine x(-44).
79
Let m(v) = 7*v**2 + 631*v + 6157. What is m(-79)?
-5
Let f(v) = 337*v + 2660. Give f(-8).
-36
Let m(g) = -7*g**3 + 6*g**2 - 9. Calculate m(-2).
71
Let d(b) = 4*b**3 + 3*b**2 - 10*b + 9. Calculate d(-5).
-366
Let s(y) = y**3 + 11*y**2 + 40*y + 114. Give s(-5).
64
Let h(o) = -294*o**3 - 1471*o**2 - 7*o - 15. Give h(-5).
-5
Let d(i) = i + 105. Give d(9).
114
Let f(b) = 8*b**3 - 4*b**2 + 6*b + 12. What is f(2)?
72
Let v(f) = 2*f**2 - 17*f - 135. Calculate v(-10).
235
Let u(m) = -2104*m - 25249. What is u(-12)?
-1
Let p(o) = -235*o + 648. What is p(3)?
-57
Let w(t) = 45*t + 1651. Give w(-37).
-14
Let h(l) = -2779*l + 61156. What is h(22)?
18
Let o(n) = 160*n + 11. What is o(3)?
491
Let z(y) = 1219*y + 12180. What is z(-10)?
-10
Let q(b) = 559*b + 40780. What is q(-73)?
-27
Let o(l) = l**3 + 41*l**2 - 90*l - 82. Give o(-43).
90
Let b(f) = -2*f**3 + 14*f**2 + 7*f + 27. What is b(8)?
-45
Let x(j) = 12*j - 491. Calculate x(25).
-191
Let v(q) = -17*q**2 - 24*q - 78. Give v(-4).
-254
Let j(k) = 189*k**2 - 24*k - 59. Determine j(-2).
745
Let x(m) = 7*m**2 + 602*m - 604. What is x(-87)?
5
Let g(r) = -r**3 - 42*r**2 - 223*r - 55. Calculate g(-36).
197
Let k(t) = -t**2 - 29*t - 180. Calculate k(-14).
30
Let s(v) = 5*v**2 - 10*v - 21. Determine s(-4).
99
Let t(a) = -5*a**2 + 120*a + 203. Give t(25).
78
Let w(q) = -131*q + 1837. What is w(14)?
3
Let t(l) = l**3 - 54*l**2 - 568*l + 63. Give t(63).
0
Let m(l) = 2*l**3 - 23*l**2 + 21*l - 831. Determine m(13).
-51
Let i(b) = 62*b - 27. Determine i(-3).
-213
Let x(z) = -z**3 + 162*z**2 + 867*z - 5343. Determine x(167).
1
Let i(o) = -o**2 + 75*o + 767. Calculate i(-9).
11
Let q(i) = i**2 - 6*i - 98. Give q(17).
89
Let t(q) = q**3 - 44*q**2 - 44*q - 36. Give t(45).
9
Let l(i) = i**3 + 43*i**2 + 230*i - 727. What is l(-36)?
65
Let v(m) = 2*m**3 + 26*m**2 - 56*m + 23. Determine v(-15).
-37
Let m(k) = 6*k**3 + 4*k**2 + 21*k + 34. Calculate m(-3).
-155
Let p(l) = -29*l - 76. Calculate p(23).
-743
Let g(d) = -d**2 - 130*d + 1441. What is g(10)?
41
Let t(d) = -d**3 + 44*d**2 + 90*d + 77. Give t(46).
-15
Let l(x) = 4*x**3 + 8*x**2 - 7*x - 9. What is l(-4)?
-109
Let a(d) = d**3 + 30*d**2 + d + 107. Calculate a(-30).
77
Let f(p) = -80*p - 1274. Give f(-15).
-74
Let t(q) = -2*q**3 + 81*q**2 + 36*q + 27. Determine t(41).
-178
Let o(p) = -15*p - 24. Calculate o(-1).
-9
Let y(l) = -262*l - 36961. Determine y(-141).
-19
Let b(x) = -379*x + 688. Calculate b(2).
-70
Let i(s) = -4*s**2 + 760*s - 2258. Determine i(187).
-14
Let u(y) = 39*y**2 + 349*y - 14. What is u(-9)?
4
Let w(x) = -5*x**3 - 34*x**2 - 164*x - 829. What is w(-6)?
11
Let y(z) = 18*z - 280. What is y(16)?
8
Let i(a) = a**2 + 194*a + 193. Give i(-1).
0
Let f(p) = -p**3 - 7*p**2 + 53. Determine f(-8).
117
Let t(m) = -18*m**3 + 2*m**2 + 6*m + 8. What is t(-2)?
148
Let s(n) = 2*n**3 - 39*n**2 - 463*n - 180. Calculate s(-8).
4
Let m(p) = -7*p**2 + 76*p - 41. What is m(10)?
19
Let n(p) = 2*p**3 + 6*p**2 - 18*p - 62. Calculate n(-3).
-8
Let h(v) = -v**2 - 127*v - 3617. What is h(-84)?
-5
Let k(i) = -i**3 + 11*i**2 + 29*i + 6. What is k(-2)?
0
Let u(n) = -2*n**2 - 4*n + 2203. Give u(-34).
27
Let k(i) = -2790*i + 5587. Determine k(2).
7
Let q(h) = -h**2 - 44*h + 347. What is q(-49)?
102
Let f(v) = -v**3 - 5*v**2 + 6*v + 61. Calculate f(-6).
61
Let x(v) = -5*v**2 + 53. Determine x(-5).
-72
Let b(o) = o**2 - 124*o - 512. Determine b(-4).
0
Let c(x) = 134*x + 4013. Determine c(-30).
-7
Let n(o) = -o**3 - 35*o**2 - 199*o - 77. Determine n(-28).
7
Let z(x) = -x**2 + 16*x - 58. Give z(9).
5
Let n(d) = 55*d + 5514. Determine n(-97).
179
Let z(l) = 7*l**3 - 700*l**2 + 97. Give z(100).
97
Let v(s) = s**2 + 110*s + 1278. Give v(-97).
17
Let c(a) = 39*a**2 + 298*a + 171. What is c(-7)?
-4
Let b(y) = -y**2 + 51*y - 633. G